ivided by f?
8
Let b(i) = -17*i - 97. Let s be b(-8). Let y = s + 43. Calculate the remainder when y is divided by 28.
26
Let d = -73 + 203. Let n = -55 + d. Let l(a) = -6*a + 1. What is the remainder when n is divided by l(-3)?
18
Suppose -644 = -5*i + 41. What is the remainder when i is divided by (-2)/((-42)/20 + 2)?
17
Suppose 5*r - d - 93 = 11, -5*d - 100 = -5*r. What is the remainder when 293 is divided by r?
20
Suppose 0 = -4*o + a - 64, -3*o + 3*a = 2*a + 47. Suppose 5*k + 93 = -37. Let z = o - k. Calculate the remainder when 32 is divided by z.
5
Let g = 116 + -39. Let i(z) = -4*z + 20*z**2 - 2*z + 6*z. Calculate the remainder when g is divided by i(-1).
17
Let u(n) = 8*n**2 - n - 4. Let h be u(2). Suppose 0 = -5*d + 151 - h. Let c = 11 + d. Calculate the remainder when c is divided by 10.
6
Let v(s) = -s**2 + 38*s - 278. Calculate the remainder when 105 is divided by v(15).
38
Let v be (-5)/(-4)*(0 + 2 + 2). Suppose -5*l - v*s + 80 = -l, -4*l + 112 = -3*s. What is the remainder when 98 is divided by l?
23
Suppose 6*t + 479 = 3*q + 10*t, -2*t + 642 = 4*q. Calculate the remainder when q is divided by 81.
80
Let b(j) = j - 9. Let t be b(9). Let q be -6 - -3 - (18 - t). Let c = -10 - q. Calculate the remainder when 42 is divided by c.
9
Let g = 193 - 179. Suppose 0 = -f + 4*i + 14 + g, -5*f = -3*i - 89. What is the remainder when 2/(-1 - 126/(-122)) is divided by f?
13
Suppose 4*f - 63 = 29. Let h(n) = -n**2 - 6*n + 21. What is the remainder when f is divided by h(-8)?
3
Let x be 0*(-4)/24 + 4. Suppose -3 = 3*j, -m = -4*m - x*j + 116. Let i = 47 - 26. Calculate the remainder when m is divided by i.
19
Suppose 78 - 1171 = -4*q + f, -5*q + 1345 = 3*f. Calculate the remainder when q is divided by 21.
20
What is the remainder when 229 is divided by 4 + (-2 - -6 - 2 - -17)?
22
Let a = 15 + -13. Let q be 6 - (1 - 3) - a. Calculate the remainder when 25 is divided by 11 + 1/(3/q).
12
Calculate the remainder when 7 - (-4 - -2 - 46) is divided by 14.
13
Suppose -4*y + 2*l + 131 = -81, 0 = -4*y - 5*l + 226. What is the remainder when y is divided by 16?
6
Suppose 4*x = x. Suppose x = 2*n - 2*z, -3*z = n + 4*n - 32. Calculate the remainder when 7 - (0 + 5 - 12) is divided by n.
2
Suppose 3*i + i - 60 = 0. Let l = 88 + -83. Calculate the remainder when i/(-2)*(-20)/l is divided by 11.
8
Let w(d) = -5*d - 9. Let h be w(-6). Let a = 46 + h. Calculate the remainder when a is divided by 17.
16
Suppose 5*m = g - 4*g - 40, -3*m - 5*g - 40 = 0. Let k = m + 7. What is the remainder when (3 - (7 - k)) + 60 is divided by 20?
18
Suppose -1992 = -3*b - 21*b. Calculate the remainder when b is divided by 15.
8
Suppose 12 = 5*p + 3*m, -3*p + 5*m = -0*m - 14. Let r(j) = 3*j**2 - 10*j + 17. Let t = 43 + -18. Calculate the remainder when t is divided by r(p).
11
Let v = -2382 - -2424. Calculate the remainder when 80 + 3 + -1 + -1 is divided by v.
39
Suppose 72 = 2*p - 20. Suppose -16*u = -21*u. Calculate the remainder when p is divided by (-24)/(-2 - u) - -4.
14
Let k = -143 - -214. Suppose 3*x - k = 5*b, b = -4*x - 2*b + 114. Let g = x + -10. What is the remainder when g is divided by 5?
2
What is the remainder when 363 is divided by (-204)/561 + (-510)/(-11)?
41
Suppose 4*j + 2 = c + 24, c + 16 = 3*j. Suppose -4*i + 2 = -j. Suppose -i*h - 3 = -19. Calculate the remainder when 13 is divided by h.
5
Let f(m) = m**3 + 11*m**2 - m + 7. Let g be f(-4). Suppose 107*o + g = 110*o. Calculate the remainder when 162 is divided by o.
39
Suppose -12*t - 95 = -383. Calculate the remainder when 574 is divided by t.
22
Let c(m) = -41*m**3. Let k = -212 + 234. What is the remainder when c(-1) is divided by k?
19
Suppose -9*m = -16*m + 2142. Calculate the remainder when m is divided by 78.
72
Let g(q) = q + 29. Let p(t) = t**2 + 11*t - 12. Let k be p(-12). Suppose -3*c + 35 + 13 = 0. What is the remainder when g(k) is divided by c?
13
Suppose 58*s = 120*s - 3100. Calculate the remainder when s is divided by 11.
6
Let t(h) = -h**3 + 19*h**2 + 19*h + 108. What is the remainder when 348 is divided by t(20)?
84
Let x be (-6)/21 - (-492)/(-42). What is the remainder when 15 is divided by ((-20)/x)/((-1)/(-3))?
0
Suppose 0*k + 5*k - 45 = 0. Let x(s) = -11*s + 6. Let g be x(2). Let q = g - -31. What is the remainder when q is divided by k?
6
Suppose f = -2*f - 1143. Let v = -264 - f. What is the remainder when v is divided by 24?
21
Suppose -626 - 8707 = -17*p. Calculate the remainder when p is divided by 25.
24
Let r = -181 - -315. What is the remainder when r is divided by 44?
2
Let r(z) = z**2 - 3*z - 2. Let g be 3 - ((27 - -1)/(-4) + -1). Suppose 0 = h - g - 3. What is the remainder when h is divided by r(-2)?
6
Suppose -2*w - h + 93 = 0, -w - 3*w - 5*h = -177. What is the remainder when 151 is divided by w?
7
Let n be 33/7 + (-8)/(-28). Suppose -4*q = -3*i + q + 95, -n*q = 4*i - 185. What is the remainder when i is divided by (-6 + -2)*77/(-44)?
12
Suppose 4*p = 7*p - 96. What is the remainder when p is divided by 6?
2
Let c = 20 + 72. Let s = c - 36. What is the remainder when s is divided by 12?
8
Suppose 2*j - 3 = v - 11, 0 = v + j - 2. Suppose 0 = 2*o - 3*b - 22, -4*b - 52 = -v*o - 0*b. Suppose a = -a + 132. What is the remainder when a is divided by o?
15
Suppose 1 - 1 = -13*u. Let m(c) = -2*c + 16. Calculate the remainder when 28 is divided by m(u).
12
Suppose 0 = 6*x - x - 5*m - 15, -m = 0. Suppose l + x*l + a - 49 = 0, -4*l + 54 = 2*a. Calculate the remainder when 42/(-9)*120/(-28) is divided by l.
9
Let g(a) = -a**3 - 3*a**2 + 3*a + 1. Calculate the remainder when g(-6) is divided by 19.
15
Suppose 0*j = h + 2*j + 6, 4*h - 3*j - 20 = 0. Let m = 535 + -533. Suppose m*g - 52 = -h*g. Calculate the remainder when g is divided by 4.
1
Let c(j) = 9*j**2 + 9*j - 7. Let f(u) = -5*u**2 - 4*u + 4. Let k(v) = 6*c(v) + 11*f(v). Suppose 0*w + 2*w = 20. What is the remainder when 4 is divided by k(w)?
0
Suppose 2*r = -2*r. Suppose 3*b = -r*b + 15. What is the remainder when 35 is divided by 19/4*(-1 + b)?
16
Let g(u) = -u**2 + 5*u + 3. Suppose 2*x + 85 = -3*x. Let v = x + 20. Calculate the remainder when 34 is divided by g(v).
7
Let i(c) = 62*c - 75. Calculate the remainder when i(3) is divided by 28.
27
Let g = -332 - -339. What is the remainder when 17 is divided by g?
3
Let h(j) = j**3 - 5*j + 3. Let n be h(3). Suppose 0 = 2*l - n - 143. Calculate the remainder when l is divided by 16.
15
Let h = -21 + 29. Let g(a) = -a**2 + 7*a - 6. Let q be g(6). Suppose -3*s - 2*s + 75 = q. Calculate the remainder when s is divided by h.
7
Let r = -26 - -40. Let g(v) = v**3 - 2*v**2 - 2*v - 6. Let h be g(3). Let q(x) = 2*x**2 + 3*x - 3. Calculate the remainder when r is divided by q(h).
2
Let y = -509 - -607. Calculate the remainder when y is divided by 19.
3
Let v be (2 - -140) + (-12)/(-4). Let o = v - -119. What is the remainder when o is divided by 53?
52
Let p = 1707 - 1631. What is the remainder when p is divided by 40?
36
What is the remainder when (57 - 2)*21/15 is divided by 12?
5
Let x(c) = 34*c + 83. Calculate the remainder when x(5) is divided by 67.
52
Let z(w) = w**3 + 8*w**2 + 5*w - 8. Let s = -1775 - -1777. What is the remainder when z(-7) is divided by s?
0
Let r(m) = -5*m**2 + 13*m + 18. What is the remainder when 1186 is divided by r(0)?
16
Suppose 2*q + 2*j = 85 + 27, -2*q + 4*j + 118 = 0. Suppose -3*r = 15, 50 = 2*t - 4*r - 0*r. Calculate the remainder when q is divided by t.
12
Let v be (-2 + 15/10)*-4. Suppose 0 = 4*r + 4*k - 200, v*k - 4*k + 53 = r. What is the remainder when r is divided by 16?
15
Suppose 5*g - z = 80, -4*z - z - 48 = -3*g. Calculate the remainder when 36 is divided by g.
4
Let n = -192 - -325. Calculate the remainder when 38/n - 724/(-14) is divided by 18.
16
Suppose 191*p - 203*p = -3468. Calculate the remainder when p is divided by 6.
1
Let x = -21 + 36. Suppose -17 = 2*q + 4*l - 141, -5*l = 3*q - 191. Calculate the remainder when q is divided by x.
12
Calculate the remainder when 121 is divided by (-12)/(-30) + (515/25 - 3).
13
Suppose 1386 = 568*c - 559*c. What is the remainder when c is divided by 82?
72
Let c(o) = -5*o - 37. Let p(d) = 13*d**2 + 3*d + 3. Calculate the remainder when p(-2) is divided by c(-10).
10
Suppose -2 = -3*q + 7. Suppose 4*